+ 66*k - 127. Determine j(2).
-383
Let r(g) = 1367*g + 440604. Calculate r(-322).
430
Let r(q) = q**3 - 15*q**2 + 297*q - 5635. What is r(17)?
-8
Let a(b) = -b**2 - 77*b + 2092. Calculate a(31).
-1256
Let g(f) = 145*f**2 - 109*f - 442. What is g(-3)?
1190
Let t(b) = -b**3 - 27*b**2 + 96*b + 3091. Calculate t(-26).
-81
Let t(j) = 1678*j + 691353. Determine t(-412).
17
Let z(c) = -4*c**3 + 17*c**2 + 4*c - 40. What is z(2)?
4
Let h(d) = 2*d**3 + 75*d**2 - 211*d - 141. What is h(-40)?
299
Let v(k) = -k**3 + 5*k**2 - 3*k - 85. Calculate v(6).
-139
Let c(v) = -2*v**3 - 27*v**2 - 128*v - 1111. What is c(-12)?
-7
Let a(y) = -y**3 - 17*y**2 + 273*y + 4384. Calculate a(-19).
-81
Let m(x) = -98*x + 4274. Determine m(45).
-136
Let x(t) = -5128*t + 61671. Determine x(12).
135
Let z(y) = 2*y**3 - 63*y**2 - 40*y + 171. Determine z(32).
-85
Let t(v) = 497*v - 13963. Give t(30).
947
Let x(r) = 13*r**2 + 619*r - 5917. What is x(9)?
707
Let v(h) = 521*h - 73957. Calculate v(142).
25
Let n(l) = l**3 + 13*l**2 - 35*l - 154. What is n(-3)?
41
Let f(m) = 27478*m + 2692849. What is f(-98)?
5
Let t(x) = 3*x**3 + 55*x**2 + 142*x - 381. Calculate t(-19).
-3801
Let y(x) = 193*x**2 - 5573*x + 5572. What is y(1)?
192
Let x(y) = -171*y**2 + 163294*y + 10508. Calculate x(955).
3
Let g(f) = -3844*f + 568907. What is g(148)?
-5
Let a(m) = 6*m**2 - 308*m + 316. What is a(47)?
-906
Let k(x) = 6*x**2 - 351*x + 182. Determine k(58).
8
Let c(b) = -3713*b - 226498. Give c(-61).
-5
Let k(o) = 45*o**2 - 672*o - 6012. Give k(-9).
3681
Let w(r) = -2804*r - 215926. Calculate w(-77).
-18
Let k(s) = s**3 - s**2 - 400*s - 1043. Calculate k(-18).
1
Let y(t) = t**3 - 256*t**2 - 1042*t + 503. Give y(260).
-17
Let p(h) = 139*h - 14521. Give p(94).
-1455
Let k(b) = b**3 - 125*b**2 - 335*b + 41789. What is k(125)?
-86
Let l(q) = -q**3 - 48*q**2 - 29*q + 103. Give l(-47).
-743
Let v(u) = u**3 + 12*u**2 + 193*u + 1111. Calculate v(-7).
5
Let p(y) = -y**3 + 176*y**2 - 3642*y + 154. Determine p(24).
298
Let s(m) = 67862*m - 2375139. Give s(35).
31
Let l(f) = -f**3 + 104*f**2 + 106*f - 306. Give l(105).
-201
Let v(k) = 19531*k + 1328101. What is v(-68)?
-7
Let m(p) = p**2 - 151*p - 3966. What is m(175)?
234
Let p(v) = 3*v**2 + 114*v - 13425. Give p(-88).
-225
Let r(t) = -696*t + 3053. Give r(7).
-1819
Let g(v) = -22*v**2 + 162*v + 1067. Calculate g(9).
743
Let g(v) = -v**2 + 219*v + 55339. Calculate g(-150).
-11
Let x(a) = -7*a**3 - 28*a**2 + 274*a + 72. Determine x(-9).
441
Let z(x) = -980*x**2 - 2989*x + 9. Calculate z(-3).
156
Let w(b) = 2100*b - 202056. Calculate w(96).
-456
Let q(w) = -2*w**2 + 84248*w + 505440. Determine q(-6).
-120
Let k(p) = -p**2 + 32*p + 32565. What is k(197)?
60
Let u(p) = -25*p**2 + 71*p + 315. Determine u(-5).
-665
Let i(l) = 399073*l - 7981456. What is i(20)?
4
Let q(y) = -824*y - 56814. Calculate q(-69).
42
Let q(i) = i**3 - 39*i**2 + 164*i - 410. Calculate q(17).
-3980
Let c(j) = -2*j**2 - 389847*j + 1559386. What is c(4)?
-34
Let m(k) = -24*k**2 + 44*k - 51. Determine m(1).
-31
Let a(p) = p**3 + 49*p**2 - 800*p - 43169. Calculate a(-46).
-21
Let z(t) = 2756*t + 35290. Determine z(-13).
-538
Let b(l) = 11384*l - 11395. What is b(1)?
-11
Let s(j) = 312937*j - 3129379. Determine s(10).
-9
Let q(r) = 2134*r**2 + 66243*r + 2757. Calculate q(-31).
-2
Let l(s) = 5*s**3 + 556*s**2 + 115*s - 290. Determine l(-111).
-734
Let o(i) = -6*i**2 + 209*i - 905. Give o(32).
-361
Let c(v) = -18210*v - 127467. Determine c(-7).
3
Let q(w) = -4612*w + 36804. Give q(8).
-92
Let g(s) = -32897*s - 65721. Give g(-2).
73
Let f(r) = 29*r + 737. Give f(-60).
-1003
Let k(q) = 27855*q + 55832. Give k(-2).
122
Let c(w) = -1261630*w + 7569784. Determine c(6).
4
Let v(n) = 12*n**3 + 78*n**2 + 102*n + 646. Calculate v(-7).
-362
Let d(g) = 386*g + 65777. What is d(-176)?
-2159
Let c(q) = q**3 - 60*q**2 + 273*q - 32. What is c(5)?
-42
Let w(r) = -2*r**3 - 60*r**2 - 68*r - 464. Give w(-29).
-174
Let l(f) = -11*f**2 - 232*f + 933. Calculate l(6).
-855
Let d(h) = 2*h**3 - 28*h**2 + 56*h + 49. What is d(6)?
-191
Let z(n) = -3863*n - 2. Give z(-1).
3861
Let v(o) = -2*o**2 + 16335*o - 244576. Calculate v(15).
-1
Let d(o) = -2040*o + 10150. Calculate d(5).
-50
Let y(w) = -w**2 + 1705*w + 27617. Determine y(-16).
81
Let o(y) = 29*y**2 - 689*y + 2627. What is o(19)?
5
Let j(b) = -b**2 + 6258*b + 68950. What is j(-11)?
-9
Let j(l) = 17*l**3 - l**2 - l + 1. Calculate j(1).
16
Let l(k) = -k**3 + 562*k**2 - 570*k + 4983. Give l(561).
-66
Let t(j) = 843*j + 75010. What is t(-89)?
-17
Let l(m) = -7*m**2 - 995*m + 50982. Determine l(40).
-18
Let d(t) = 59*t**2 + 994*t + 4987. Give d(-5).
1492
Let l(n) = 4314*n - 228651. What is l(53)?
-9
Let t(v) = -40*v**2 - 1336*v + 65. Calculate t(-34).
-751
Let x(s) = s**2 - 9*s - 35. Determine x(-3).
1
Let p(h) = 9642*h - 5794868. Determine p(601).
-26
Let h(z) = -z**3 + 389*z**2 + 1171*z - 6. What is h(-3)?
9
Let c(v) = v**2 + 179*v - 13125. Calculate c(56).
35
Let n(d) = d**3 + 240*d**2 - 1223*d + 147. What is n(-245)?
-343
Let h(f) = 2*f**3 + 2*f**2 + 937*f + 2820. Give h(-3).
-27
Let y(n) = -n**3 + 27*n**2 - 103*n + 1063. What is y(24)?
319
Let h(a) = -a**3 + 14*a**2 - 109*a + 91. What is h(12)?
-929
Let s(q) = -10169*q + 193298. Determine s(19).
87
Let q(n) = -n**3 + 18138*n**2 + 54413*n - 27. Calculate q(-3).
3
Let a(g) = -25*g**2 + 1372*g - 58. Calculate a(55).
-223
Let d(j) = 109*j**3 + 514*j**2 + 133*j - 713. Give d(-4).
3
Let d(r) = -5270*r - 183647. Determine d(-35).
803
Let f(m) = 51*m - 1051. Calculate f(21).
20
Let l(b) = -10*b**3 + 87*b**2 + 143*b - 1045. Calculate l(9).
-1
Let l(x) = -20*x**2 - 12707*x - 4458. Determine l(-635).
-13
Let o(x) = -x**3 - 146*x**2 + 592*x - 1239. Calculate o(-150).
-39
Let x(o) = 447*o**2 - 637*o - 635. What is x(-1)?
449
Let w(k) = -2*k**3 - 52*k**2 - 351*k - 792. What is w(-17)?
-27
Let u(o) = -453891*o + 2723206. Calculate u(6).
-140
Let q(x) = -x**3 - 106*x**2 + 20*x - 26. Give q(0).
-26
Let q(t) = 46*t**3 - 266*t**2 + 17*t - 117. Calculate q(5).
-932
Let w(g) = -9328*g + 3908425. What is w(419)?
-7
Let q(o) = -o**3 - 16*o**2 - 378*o - 6698. What is q(-17)?
17
Let i(q) = -632*q - 44234. What is i(-70)?
6
Let z(a) = a**3 + 80*a**2 + 3157*a + 47617. Give z(-28).
-11
Let u(d) = 26586*d - 1409151. What is u(53)?
-93
Let p(a) = -a**2 - 1493*a - 322525. Give p(-262).
-3
Let u(r) = 199*r**2 - 7379*r + 26794. Calculate u(33).
-2
Let s(b) = 2*b**3 - 14*b**2 + 136*b - 552. Calculate s(8).
664
Let k(c) = -c**3 + 21*c**2 - 3044*c + 71059. Give k(23).
-11
Let c(k) = 2*k**2 - 70*k + 487. Calculate c(24).
-41
Let x(p) = p**2 + 16841*p + 521104. What is x(-31)?
-6
Let u(y) = -2*y**2 - 3400*y + 89737. What is u(26)?
-15
Let b(a) = a**3 + 257*a**2 + 2699*a - 56. Calculate b(-11).
21
Let o(y) = 155365*y + 18799149. What is o(-121)?
-16
Let s(k) = -118*k - 929. Give s(-6).
-221
Let p(y) = -7*y**2 + 2345*y - 129857. What is p(70)?
-7
Let n(s) = s**3 + 121*s**2 - 142*s - 3110. Give n(-122).
-670
Let g(p) = -1397*p + 6451. Determine g(5).
-534
Let l(f) = 77047*f - 13791420. Give l(179).
-7
Let q(k) = -9*k**3 + 178*k**2 + 352*k + 1931. What is q(22)?
-5
Let k(x) = -4*x**3 + 126*x**2 + 16*x - 2417. What is k(31)?
1
Let i(b) = b**3 + 27*b**2 - 314*b + 592. Determine i(7).
60
Let d(j) = -239*j - 29189. What is d(-120)?
-509
Let o(f) = f**3 - 258*f**2 - 3212*f - 7582. What is o(270)?
-22
Let h(w) = w**2 + 17337*w + 51993. Give h(-3).
-9
Let d(p) = -p**2 + 1903*p - 80371. Calculate d(43).
-391
Let o(t) = -151*t - 4006. Give o(-28).
222
Let u(z) = -8020*z + 9904694. Give u(1235).
-6
Let z(i) = 257100*i - 1028396. Determine z(4).
4
Let x(t) = t**2 + 190*t + 6828. Calculate x(-55).
-597
Let y(o) = 172*o**2 + 22357*o - 321. What is y(-130)?
69
Let y(c) = 177607*c - 532819. Calculate y(3).
2
Let b(n) = -14486*n - 86839. What is b(-6)?
77
Let b(q) = -19430*q + 1379531. What is b(71)?
1
Let i(r) = -1545*r**2 - 4679*r - 94. What is i(-3)?
38
Let r(s) = 77*s**2 - 506*s + 812. Give r(4).
20
Let r(h) = 21*h + 989. What is r(-68)?
-439
Let i(z) = -z**3 + 414*z**2 - 23539*z + 726. Determine i(68).
-22
Let d(g) = -8511*g - 8698. Give d(-1).
-187
Let g(k) = 3770*k - 41799. Calculate g(11).
-329
Let d(x) = -26516*x - 344607. Determine d(-13).
101
Let o(l) = l**3 - 4*l**2 